{"id":826,"date":"2016-03-01T08:05:38","date_gmt":"2016-03-01T08:05:38","guid":{"rendered":"http:\/\/silver.stillbild.se\/?page_id=826"},"modified":"2023-04-13T05:52:35","modified_gmt":"2023-04-13T05:52:35","slug":"huskatten","status":"publish","type":"page","link":"https:\/\/silver.stillbild.se\/?page_id=826","title":{"rendered":"Huskatten"},"content":{"rendered":"<p><strong>Siffran i namnet<\/strong> anger h\u00f6jden p\u00e5 h\u00e4nget. Alla mina smycken \u00e4r gjorda i Sterlingsilver helt fritt fr\u00e5n nickel. Det finns m\u00f6jlighet att byta ut silverkrokarna till titankrokar, b\u00e5da alternativen handgjorda.<br><strong>F\u00f6r att g\u00f6ra en best\u00e4llning<\/strong>, v\u00e4lkommen med ett mejl till <a href=\"mailto:order@silverkari.se\">order@silverkari.se <\/a><br>Alla mina best\u00e4llningar skickas som Rek till en kostnad av 85:- (till annat land 145:- )<\/p>\n<p><strong>&nbsp;<\/strong><\/p>\n<p><\/p>\n\n\n<div class=\"wp-block-media-text alignwide is-stacked-on-mobile\"><figure class=\"wp-block-media-text__media\"><img loading=\"lazy\" decoding=\"async\" width=\"570\" height=\"570\" src=\"https:\/\/silver.stillbild.se\/wp-content\/uploads\/2016\/03\/Foto-2016-02-29-16-27-28.jpg\" alt=\"\" class=\"wp-image-824 size-full\" srcset=\"https:\/\/silver.stillbild.se\/wp-content\/uploads\/2016\/03\/Foto-2016-02-29-16-27-28.jpg 570w, https:\/\/silver.stillbild.se\/wp-content\/uploads\/2016\/03\/Foto-2016-02-29-16-27-28-150x150.jpg 150w, https:\/\/silver.stillbild.se\/wp-content\/uploads\/2016\/03\/Foto-2016-02-29-16-27-28-300x300.jpg 300w\" sizes=\"auto, (max-width: 570px) 100vw, 570px\" \/><\/figure><div class=\"wp-block-media-text__content\">\n<p class=\"has-large-font-size\">Huskatten 26<\/p>\n\n\n\n<p>komplett med kedja pansarl\u00e4nk 45 cm, silver 925<\/p>\n\n\n\n<p><\/p>\n<\/div><\/div>\n\n\n\n<div class=\"wp-block-media-text alignwide is-stacked-on-mobile\"><figure class=\"wp-block-media-text__media\"><img loading=\"lazy\" decoding=\"async\" width=\"570\" height=\"570\" src=\"https:\/\/silver.stillbild.se\/wp-content\/uploads\/2016\/03\/Foto-2016-02-29-16-26-56.jpg\" alt=\"\" class=\"wp-image-823 size-full\" srcset=\"https:\/\/silver.stillbild.se\/wp-content\/uploads\/2016\/03\/Foto-2016-02-29-16-26-56.jpg 570w, https:\/\/silver.stillbild.se\/wp-content\/uploads\/2016\/03\/Foto-2016-02-29-16-26-56-150x150.jpg 150w, https:\/\/silver.stillbild.se\/wp-content\/uploads\/2016\/03\/Foto-2016-02-29-16-26-56-300x300.jpg 300w\" sizes=\"auto, (max-width: 570px) 100vw, 570px\" \/><\/figure><div class=\"wp-block-media-text__content\">\n<p class=\"has-large-font-size\"><\/p>\n<\/div><\/div>\n\n\n\n<div class=\"wp-block-media-text alignwide is-stacked-on-mobile\"><figure class=\"wp-block-media-text__media\"><img loading=\"lazy\" decoding=\"async\" width=\"570\" height=\"570\" src=\"https:\/\/silver.stillbild.se\/wp-content\/uploads\/2016\/03\/Foto-2016-02-29-16-26-32.jpg\" alt=\"\" class=\"wp-image-822 size-full\" srcset=\"https:\/\/silver.stillbild.se\/wp-content\/uploads\/2016\/03\/Foto-2016-02-29-16-26-32.jpg 570w, https:\/\/silver.stillbild.se\/wp-content\/uploads\/2016\/03\/Foto-2016-02-29-16-26-32-150x150.jpg 150w, https:\/\/silver.stillbild.se\/wp-content\/uploads\/2016\/03\/Foto-2016-02-29-16-26-32-300x300.jpg 300w\" sizes=\"auto, (max-width: 570px) 100vw, 570px\" \/><\/figure><div class=\"wp-block-media-text__content\">\n<p>Dubbelmonterade Huskatter, kan anv\u00e4ndas som h\u00e4ngsmycke eller liten brosch.<\/p>\n\n\n\n<p>Specialbest\u00e4llning<\/p>\n<\/div><\/div>\n","protected":false},"excerpt":{"rendered":"<p>Siffran i namnet anger h\u00f6jden p\u00e5 h\u00e4nget. Alla mina smycken \u00e4r gjorda i Sterlingsilver helt fritt fr\u00e5n nickel. Det finns m\u00f6jlighet att byta ut silverkrokarna till titankrokar, b\u00e5da alternativen handgjorda.F\u00f6r att g\u00f6ra en best\u00e4llning, v\u00e4lkommen med ett mejl till order@silverkari.se &hellip; <a href=\"https:\/\/silver.stillbild.se\/?page_id=826\">Continue reading <span class=\"meta-nav\">&rarr;<\/span><\/a><\/p>\n","protected":false},"author":1,"featured_media":0,"parent":357,"menu_order":0,"comment_status":"closed","ping_status":"closed","template":"","meta":{"footnotes":""},"class_list":["post-826","page","type-page","status-publish","hentry"],"_links":{"self":[{"href":"https:\/\/silver.stillbild.se\/index.php?rest_route=\/wp\/v2\/pages\/826","targetHints":{"allow":["GET"]}}],"collection":[{"href":"https:\/\/silver.stillbild.se\/index.php?rest_route=\/wp\/v2\/pages"}],"about":[{"href":"https:\/\/silver.stillbild.se\/index.php?rest_route=\/wp\/v2\/types\/page"}],"author":[{"embeddable":true,"href":"https:\/\/silver.stillbild.se\/index.php?rest_route=\/wp\/v2\/users\/1"}],"replies":[{"embeddable":true,"href":"https:\/\/silver.stillbild.se\/index.php?rest_route=%2Fwp%2Fv2%2Fcomments&post=826"}],"version-history":[{"count":6,"href":"https:\/\/silver.stillbild.se\/index.php?rest_route=\/wp\/v2\/pages\/826\/revisions"}],"predecessor-version":[{"id":1656,"href":"https:\/\/silver.stillbild.se\/index.php?rest_route=\/wp\/v2\/pages\/826\/revisions\/1656"}],"up":[{"embeddable":true,"href":"https:\/\/silver.stillbild.se\/index.php?rest_route=\/wp\/v2\/pages\/357"}],"wp:attachment":[{"href":"https:\/\/silver.stillbild.se\/index.php?rest_route=%2Fwp%2Fv2%2Fmedia&parent=826"}],"curies":[{"name":"wp","href":"https:\/\/api.w.org\/{rel}","templated":true}]}}